{"id":6400,"date":"2025-06-24T15:17:25","date_gmt":"2025-06-24T13:17:25","guid":{"rendered":"https:\/\/victorize.fr\/agence-web-toulouse\/?page_id=6400"},"modified":"2025-08-02T18:55:46","modified_gmt":"2025-08-02T16:55:46","slug":"solution-victorize-agence-web-creation-de-site-web-toulouse-saint-gaudens","status":"publish","type":"page","link":"https:\/\/victorize.fr\/Agence-creation-sites-web-toulouse\/solution-victorize-agence-web-creation-de-site-web-toulouse-saint-gaudens\/","title":{"rendered":"AGENCE WEB TOULOUSE I  CONSEIL EN COMMUNICATION DIGITALE"},"content":{"rendered":"<h1>AGENCE<strong><b>\u00a0WEB\u00a0<\/b><\/strong><\/h1>\n<h1><strong><b>CONSEIL EN COMMUNICATION DIGITALE<\/b><\/strong><\/h1>\n<p><strong>AUDIT, STRATEGIE ET OPTIMISATION EN MARKETING DIGITAL.<\/strong><\/p>\n<p>Nos projets commencent par un audit approfondi de l\u2019existant. Ce qui nous permet d\u2019apporter les solutions les plus adapt\u00e9es \u00e0 votre march\u00e9 et secteur d\u2019activit\u00e9s.<\/p>\n<p><strong>AUDIT DIGITAL<\/strong><\/p>\n<p>L\u2019audit digital vous apporte des r\u00e9ponses \u00e0 demain nombreuses questions afin de comprendre l\u2019opportunit\u00e9 d\u2019une communication digitale cibl\u00e9e et adapt\u00e9e.<\/p>\n<p>Les informations r\u00e9colt\u00e9es peuvent alors \u00eatre utilis\u00e9es pour augmenter la performance de la pr\u00e9sence digitale de votre entreprise.<\/p>\n<p>Mais aussi elles apportent des r\u00e9ponses \u00e0 diff\u00e9rentes questions:<\/p>\n<ul>\n<li>Les actions en ligne sont-elles align\u00e9es avec vos objectifs ?<\/li>\n<li>Qu\u2019est-ce qui fonctionne mieux dans vos diff\u00e9rents points de pr\u00e9sence sur internet ?<\/li>\n<li>Comment augmenter votre pr\u00e9sence \u00e0 travers les diff\u00e9rents canaux digitaux ?<\/li>\n<li>Pourquoi avez vous peu de retomb\u00e9es ?<\/li>\n<li>Qui sont et o\u00f9 en sont mes concurrents ?<\/li>\n<li>Qu\u2019en est-il de l\u2019image de mon entreprise en ligne ?<\/li>\n<\/ul>\n<p>&nbsp;<\/p>\n<p>AUDIT EN COMMUNICATION DIGITAL<\/p>\n<p>Gr\u00e2ce \u00e0 l\u2019audit, vous :<\/p>\n<ul>\n<li>Comprenez la situation digitale de l\u2019organisation concern\u00e9e.<\/li>\n<li>Appr\u00e9ciez son contexte concurrentiel en \u00e9tendant les domaines \u00e9tudi\u00e9s aux points de pr\u00e9sence des concurrents.<\/li>\n<li>D\u00e9terminez l\u2019impact du digital sur les performances de l\u2019entreprise.<\/li>\n<li>Mesurez les r\u00e9sultats directement imputables aux diverses actions de marketing digital, et ainsi mesurer leur ROI ( Retour sur investissement).<\/li>\n<\/ul>\n<p>&nbsp;<\/p>\n<p>L\u2019audit de communication permet de:<\/p>\n<ul>\n<li>\u00c9tablir un diagnostic de types forces \/ faiblesses ou SWOT.<\/li>\n<li>D\u00e9terminer des objectifs document\u00e9s sur la base de l\u2019existant.<\/li>\n<li>D\u00e9finir un plan d\u2019action qui prend en compte les r\u00e9sultats du diagnostic, et les objectifs d\u00e9termin\u00e9s. Selon les cas, il s\u2019agira d\u2019am\u00e9liorer tel ou tel point de pr\u00e9sence, ou remanier en profondeur les choix op\u00e9r\u00e9s jusque l\u00e0.<\/li>\n<\/ul>\n<p>&nbsp;<\/p>\n<p>STRAT\u00c9GIE\u00a0 DE COMMUNICATION DIGITALE<\/p>\n<p>L\u2019agence web Victorize \u00e9labore des strat\u00e9gies par un ensemble d\u2019actions organis\u00e9es avec pr\u00e9cision dans le but d\u2019atteindre un objectif clairement d\u00e9fini.<\/p>\n<p>Les strat\u00e9gies misent en place par l\u2019agence web Victorize favorise la convergence d\u2019un ensemble des points de contacts num\u00e9riques facilitant ainsi l\u2019acquisition des nouveaux contacts avec un public donn\u00e9.<\/p>\n<p>Notre strat\u00e9gie digitale permet de mettre ensemble des actions organis\u00e9es de mani\u00e8re pr\u00e9cise dans le but d\u2019entrer en contact via des points de contacts digitaux avec des publics pr\u00e9cis.<\/p>\n<p><strong>Enjeux<\/strong><\/p>\n<p>\u25cf\u00a0\u00a0 Impact du digital : sur les modes op\u00e9ratoires des entreprises et les comportements des consommateurs.<\/p>\n<p>La pr\u00e9sence et l\u2019activit\u00e9 digitale sont devenues vitales pour une entreprise.<\/p>\n<p>\u25cf\u00a0\u00a0 Un \u00e9cosyst\u00e8me mouvant : nouveaux outils, nouvelles plateformes, nouveaux mod\u00e8les, uberisation\u2026<\/p>\n<p>Ma\u00eetriser sa pr\u00e9sence, concentrer ses efforts o\u00f9 il faut, est un grand challenge<\/p>\n<p>\u25cf\u00a0\u00a0 Une profusion d\u2019offres de prestataires source de doutes et de mauvaises d\u00e9cisions chez certains d\u00e9cideurs.<\/p>\n<p><strong>PRENDRE DES D\u00c9CISIONS \u00c9CLAIR\u00c9ES<\/strong><\/p>\n<p>Les questions \u00e0 se poser:<\/p>\n<ul>\n<li>Quelle est l\u2019\u00e9volution du trafic de votre site web (visiteurs nouveaux vs r\u00e9currents) et qu\u2019est-ce qui contribue \u00e0 le faire grandir ?<\/li>\n<li>Si la croissance est en panne, quels sont les blocages ?<\/li>\n<li>Quel est le taux de conversion ?<\/li>\n<li>Quels sont les outils de conversion mis en place ? Sont-ils efficaces ?<\/li>\n<li>Comment mesurez-vous leur performance ?<\/li>\n<li>Vos communications et campagnes marketing sur les diff\u00e9rents canaux sont-elles align\u00e9es ?<\/li>\n<li>Qu\u2019est-ce qui fonctionne ou ne fonctionne pas ? et pourquoi ?Que font vos concurrents en ligne ?<\/li>\n<li>Quelle est votre r\u00e9putation par rapport \u00e0 eux ?<\/li>\n<li>Que dit-on de vous ?<\/li>\n<li>Quels sont les avis clients ?<\/li>\n<li>Qu\u2019apportent les r\u00e9seaux sociaux ?<\/li>\n<\/ul>\n<p>&nbsp;<\/p>\n<p><strong>Champ d\u2019application<\/strong><\/p>\n<p>Les objectifs de cet audit :<\/p>\n<p>\u25cf\u00a0 \u00c9valuer sa performance et d\u00e9tecter des lacunes et pistes d\u2019am\u00e9lioration<\/p>\n<p>\u25cf\u00a0\u00a0 \u00c9valuer les forces et faiblesses pour r\u00e9-orienter votre marketing digital<\/p>\n<p>\u25cf\u00a0\u00a0 Apporter des corrections (techniques et orientation strat\u00e9gique, sur le site, la pr\u00e9sence, le r\u00e9f\u00e9rencement\u2026)<\/p>\n<p>\u25cf\u00a0\u00a0 Analyser la performance de votre communication digitale (contenus, newsletter, autres supports)<\/p>\n<p>\u25cf\u00a0 \u00c9valuer votre pr\u00e9sence sur les r\u00e9seaux sociaux et identifier des quick wins<\/p>\n<p>\u25cf\u00a0\u00a0 Analyser l\u2019efficacit\u00e9 de votre communication clients (emailing, landing pages, tunnels de conversion)<\/p>\n<p>\u25cf\u00a0 \u00a0\u00c9valuer la qualit\u00e9 et l\u2019impact des autres points de contact digitaux (r\u00e9putation)<\/p>\n<p>&nbsp;<\/p>\n<p><strong>De quoi s\u2019agit-il ?<\/strong><\/p>\n<p>Un \u00e9tat des lieux complet des performances des diff\u00e9rents \u00e9l\u00e9ments avec un rapport personnalis\u00e9,\u00a0 les orientations strat\u00e9giques, mis en lien avec :<\/p>\n<ul>\n<li>La qualit\u00e9 et le rendement des actions mises en place,<\/li>\n<li>Les comp\u00e9tences et ressources allou\u00e9es.<\/li>\n<\/ul>\n<p><strong>Pour qui ?<\/strong><\/p>\n<p>Entreprises, entrepreneurs,\u00a0 dirigeants, directeurs marketing et commercial leur permettant de:<\/p>\n<p>Disposer d\u2019un \u00e9tat des lieux concret, objectif, avec des actions concr\u00e8tes \u00e0 prioriser.<\/p>\n<p>Un audit proposant une lecture vulgaris\u00e9e, selon le public en fonction des domaines analys\u00e9s\u2026<\/p>\n<p>Cet audit permet de v\u00e9rifier \u00e0 quel point vos communications et vos actions digitales rencontrent les attentes et demandes de vos cibles et comment les transformer en opportunit\u00e9 d\u2019affaires.<\/p>\n<h3><strong><b>Conversions<\/b><\/strong><\/h3>\n<p>\u00c9duquer, informer,\u00a0 int\u00e9resser et convertir les visiteurs en clients consommateurs.<\/p>\n<p>Le parcours d\u2019un utilisateur sur votre site Web est un voyage comportant de nombreux chemins.<\/p>\n<p>Vous avez besoin des bons CTA au bon moment et des bons points de contact pour convertir les utilisateurs et les transformer en consommateur de vos produits.<\/p>\n<p>&nbsp;<\/p>\n<h3><strong><b>Flexibilit\u00e9<\/b><\/strong><\/h3>\n<p>Vous devez pouvoir it\u00e9rer sur le contenu sans vous soucier de la conception ou sans avoir \u00e0 mettre \u00e0 jour la m\u00eame copie \u00e0 10 endroits diff\u00e9rents.<\/p>\n<p>Au fur et \u00e0 mesure que votre \u00e9quipe s\u2019agrandit, vous devez pouvoir travailler ensemble en temps r\u00e9el sans interf\u00e9rences du changements des uns et des autres.<\/p>\n<p>&nbsp;<\/p>\n<h3><strong><b>\u00c9chelle<\/b><\/strong><\/h3>\n<p>Vos utilisateurs sont mobiles, ils sont partout dans le monde et ils sont impatients. Votre site Web doit se charger imm\u00e9diatement \u00e0 Paris, Dublin , Londres,\u00a0 New York, ou Tokyo. Vous devez \u00eatre en mesure de r\u00e9pondre au trafic viral sans perdre de temps.<\/p>\n<p>&nbsp;<\/p>\n<h2><strong><b>Conception Web \u2013 UI et UX<\/b><\/strong><\/h2>\n<p><strong><b>Ateliers et processus d\u2019int\u00e9gration<\/b><\/strong><strong><b><br \/>\n<\/b><\/strong>Nous travaillons en collaboration avec votre \u00e9quipe pour d\u00e9finir vos KPI, vos mesures de r\u00e9ussite, vos contraintes de conception et techniques.<\/p>\n<p><strong><b>La recherche de<\/b><\/strong><strong><b>\u00a0<\/b><\/strong><strong><b>positionnement est essentielle<\/b><\/strong>, nous menons des recherches aupr\u00e8s des utilisateurs potentiels pour d\u00e9couvrir quelle copie et quel positionnement correspondent le plus \u00e0 votre public. Nous cr\u00e9ons des flux d\u2019utilisateurs sur le site et facilitons de nombreux autres points d\u2019entr\u00e9es jusqu\u2019\u00e0 la conversion. Cr\u00e9ation d\u2019entonnoir, d\u2019objectifs et de m\u00e9triques.<\/p>\n<p><strong><b>Design<\/b><\/strong><br \/>\nParce que votre marque est unique, Nous fa\u00e7onnons votre identit\u00e9 visuelle par un ( langage visuel ) \u00e0 la mesure de l\u2019esprit, de la vision\u00a0 et de vos ambitions et objectifs.<\/p>\n<p>&nbsp;<\/p>\n<h2><strong><b>D\u00e9veloppement web<\/b><\/strong><\/h2>\n<p><strong><b>Conception des sites Web ergonomiques\u00a0<\/b><\/strong><strong><b>et\u00a0<\/b><\/strong><strong><b>modernes\u00a0<\/b><\/strong>adapt\u00e9s \u00e0 tous les mobiles; optimis\u00e9s pour le CDN \u00e0 l\u2019\u00e9chelle mondiale, utilisant les meilleures technologies de jamstack telles que NextJS, TailwindCSS, Typescript.<\/p>\n<p>Tirez parti du meilleur rendu de votre site web dynamique, passez \u00e0 des milliers de vue et d\u00e9ployez de nouvelles versions en quelques secondes.<\/p>\n<p><strong><b>Syst\u00e8mes de gestion de contenu en temps r\u00e9el<\/b><\/strong><strong><b><br \/>\n<\/b><\/strong>L\u2019exp\u00e9rience de notre CMS vous permet de travailler en temps r\u00e9el et de pr\u00e9visualiser votre activit\u00e9, avec un historique et un contr\u00f4le en temps r\u00e9el.<\/p>\n<p><strong><b>Flexibilit\u00e9 du contenu<\/b><\/strong><br \/>\nNotre CMS personnalis\u00e9\u00a0\u00a0vous permet de centraliser votre contenu afin de vous concentrer clairement sur votre contenu et sa r\u00e9daction.<\/p>\n<p>Vous n\u2019avez plus \u00e0 vous soucier de la conception. En utilisant notre \u00e9diteur modulaire sans code, vous pouvez cr\u00e9er du contenu comme il se doit, et le site Web le disposera correctement et automatiquement.<\/p>\n<p>&nbsp;<\/p>\n<h2><strong><b>R\u00e9f\u00e9rencement &amp; Croissance<\/b><\/strong><\/h2>\n<p><strong><b>Marketing tech hooks<\/b><\/strong><br \/>\nNotre concept est fait de code enti\u00e8rement extensible et configurable, configur\u00e9 pour s\u2019int\u00e9grer \u00e0 toutes les technologies marketing de choix et de confiance.<\/p>\n<p><strong><b>Meilleures pratiques<\/b><\/strong><br \/>\nAvec des outils de partage social, de r\u00e9f\u00e9rencement, une visibilit\u00e9 large, un temps de chargement instantan\u00e9s, passant de site statique au site \u00e9volutif jusqu\u2019\u00e0 des milliers de pages, cookies RGPD, ax\u00e9 sur la s\u00e9curit\u00e9 de vos donn\u00e9es.<\/p>\n<p><strong><b>Optimisation du taux de conversion<\/b><\/strong><strong><b><br \/>\n<\/b><\/strong>Examen mensuel\/trimestriel des rapports<\/p>\n<p>Le test des nouvelles pages, nous permet d\u2019optimiser et de centrer les efforts marketing afin de g\u00e9n\u00e9rer plus de prospects.<\/p>\n<p>Ahrefs, SEMRush, analyses et optimisations\u2026.<\/p>\n<p>&nbsp;<\/p>\n<h1>Avoir un site web visible pr\u00e9sente de nombreux avantages\u2026<\/h1>\n<p>Pour les entreprises et les particuliers. Voici quelques-uns des principaux b\u00e9n\u00e9fices :<\/p>\n<p><strong>1. Visibilit\u00e9 en ligne<\/strong><br \/>\n\u2013 Un site web permet d\u2019atteindre un public plus large, augmentant ainsi la visibilit\u00e9 de votre marque ou de vos services.<\/p>\n<p><strong>2. Accessibilit\u00e9 24\/7<\/strong><br \/>\n\u2013 Votre site est accessible \u00e0 tout moment, ce qui permet aux clients d\u2019acc\u00e9der \u00e0 vos informations et services m\u00eame en dehors des heures d\u2019ouverture.<\/p>\n<p><strong>3. Cr\u00e9dibilit\u00e9<\/strong><br \/>\n\u2013 Un site web professionnel renforce la cr\u00e9dibilit\u00e9 de votre entreprise. Les clients ont tendance \u00e0 faire confiance aux entreprises qui disposent d\u2019une pr\u00e9sence en ligne.<\/p>\n<p><strong>4. Marketing et promotion<\/strong><br \/>\n\u2013 Vous pouvez utiliser votre site pour promouvoir vos produits ou services \u00e0 travers des contenus, des blogs, des newsletters, et des campagnes publicitaires.<\/p>\n<p><strong>5. Interaction avec les clients<\/strong><br \/>\n\u2013 Un site web facilite la communication avec les clients via des formulaires de contact, des chatbots, ou des sections de commentaires.<\/p>\n<p><strong>6. Analyse des donn\u00e9es<\/strong><br \/>\n\u2013 Vous pouvez collecter des donn\u00e9es sur le comportement des utilisateurs, ce qui vous aide \u00e0 ajuster votre strat\u00e9gie marketing et \u00e0 am\u00e9liorer l\u2019exp\u00e9rience utilisateur.<\/p>\n<p><strong>7. Vente en ligne<\/strong><br \/>\n\u2013 Si vous avez un commerce, un site web vous permet de vendre vos produits directement en ligne, augmentant ainsi vos revenus.<\/p>\n<p><strong>8. Mise \u00e0 jour facile<\/strong><br \/>\n\u2013 Les informations sur un site web peuvent \u00eatre mises \u00e0 jour rapidement, ce qui permet de garder vos clients inform\u00e9s des nouveaut\u00e9s ou des changements.<\/p>\n<p><strong>9. Comp\u00e9titivit\u00e9<\/strong><br \/>\n\u2013 Avoir un site web vous aide \u00e0 rester comp\u00e9titif dans votre secteur, surtout si vos concurrents en ont un.<\/p>\n<p><strong>10. Portefeuille en ligne<\/strong><br \/>\n\u2013 Pour les freelances et les cr\u00e9ateurs, un site web sert de vitrine pour montrer leurs r\u00e9alisations et comp\u00e9tences.<\/p>\n<p>En r\u00e9sum\u00e9, un site web est un outil essentiel pour \u00e9tablir une pr\u00e9sence en ligne efficace, renforcer la cr\u00e9dibilit\u00e9, et interagir avec vos clients.<\/p>\n<p>&nbsp;<\/p>\n<h3><a href=\"https:\/\/victorize.fr\/2022\/07\/19\/contact\/\">Pour une \u00e9tude de votre projet.cliquez sur ce lien\u00a0<\/a><\/h3>\n<p>&nbsp;<\/p>\n","protected":false},"excerpt":{"rendered":"<p>AGENCE\u00a0WEB\u00a0 CONSEIL EN COMMUNICATION DIGITALE AUDIT, STRATEGIE ET OPTIMISATION EN MARKETING DIGITAL. Nos projets commencent par un audit approfondi de l\u2019existant. Ce qui nous permet d\u2019apporter les solutions les plus adapt\u00e9es \u00e0 votre march\u00e9 et secteur d\u2019activit\u00e9s. AUDIT DIGITAL L\u2019audit digital vous apporte des r\u00e9ponses \u00e0 demain nombreuses questions afin de comprendre l\u2019opportunit\u00e9 d\u2019une communication [&hellip;]<\/p>\n","protected":false},"author":1,"featured_media":0,"parent":0,"menu_order":0,"comment_status":"closed","ping_status":"closed","template":"","meta":{"footnotes":""},"class_list":["post-6400","page","type-page","status-publish","hentry"],"_links":{"self":[{"href":"https:\/\/victorize.fr\/Agence-creation-sites-web-toulouse\/wp-json\/wp\/v2\/pages\/6400","targetHints":{"allow":["GET"]}}],"collection":[{"href":"https:\/\/victorize.fr\/Agence-creation-sites-web-toulouse\/wp-json\/wp\/v2\/pages"}],"about":[{"href":"https:\/\/victorize.fr\/Agence-creation-sites-web-toulouse\/wp-json\/wp\/v2\/types\/page"}],"author":[{"embeddable":true,"href":"https:\/\/victorize.fr\/Agence-creation-sites-web-toulouse\/wp-json\/wp\/v2\/users\/1"}],"replies":[{"embeddable":true,"href":"https:\/\/victorize.fr\/Agence-creation-sites-web-toulouse\/wp-json\/wp\/v2\/comments?post=6400"}],"version-history":[{"count":0,"href":"https:\/\/victorize.fr\/Agence-creation-sites-web-toulouse\/wp-json\/wp\/v2\/pages\/6400\/revisions"}],"wp:attachment":[{"href":"https:\/\/victorize.fr\/Agence-creation-sites-web-toulouse\/wp-json\/wp\/v2\/media?parent=6400"}],"curies":[{"name":"wp","href":"https:\/\/api.w.org\/{rel}","templated":true}]}}