{"id":6115,"date":"2022-07-12T14:43:44","date_gmt":"2022-07-12T12:43:44","guid":{"rendered":"http:\/\/victoriz.fr\/?p=181"},"modified":"2025-06-23T15:37:51","modified_gmt":"2025-06-23T13:37:51","slug":"agence-web-toulouse-creation-site-web-saint-gaudens","status":"publish","type":"page","link":"https:\/\/victorize.fr\/Agence-creation-sites-web-toulouse\/agence-web-toulouse-creation-site-web-saint-gaudens\/","title":{"rendered":"Victorize Agence web-marketing \u00e0 Toulouse"},"content":{"rendered":"<p>VICTORIZE AGENCE WEB-MARKETING A TOULOUSE<\/p>\n<p>Victorize vous apporte son expertise en marketing digital afin de promouvoir vos produits, services en am\u00e9liorant votre image de marque.<\/p>\n<p>Dans notre approche de marketing digital ressortent 4 notions essentielles, acquisition, interactivit\u00e9, fluidit\u00e9 et fid\u00e9lisation.<\/p>\n<p>Notre approche met le client au c\u0153ur de la strat\u00e9gie. Avec une technologique \u00e9volutive et dans le temps : Les applications mobiles, le d\u00e9veloppement web, la communication digitale li\u00e9es aux nouvelles technologies de l\u2019information et de la communication.<\/p>\n<p>Notre agence web-marketing digital vous accompagne dans l\u2019atteinte d\u2019objectifs propres\u00a0 (image de marque, benchmark, engagement des clients, taux de r\u00e9tention, ventes ou part de march\u00e9, etc.) gr\u00e2ce \u00e0 l\u2019usage de technologies num\u00e9riques.<\/p>\n<p>Ces technologies comprennent les ordinateurs, les tablettes, les t\u00e9l\u00e9phones mobiles et les autres \u00ab objets connect\u00e9s \u00bb.<\/p>\n<p>En pratique,\u00a0 l&rsquo;agence web Victorize vous accompagne\u00a0 dans l&rsquo;optimisation de la pr\u00e9sence de votre organisation sur l\u2019ensemble des m\u00e9dias et des plateformes en ligne (sites Web, moteurs de recherche, r\u00e9seaux sociaux, applications mobiles, e-mails, etc.) pour une meilleure pr\u00e9sence, fluidit\u00e9 et interactivit\u00e9 dans la communication.<\/p>\n<p>Ces diverses technologies permettent d\u2019atteindre des objectifs de recrutement des nouveaux clients, mais aussi de fid\u00e9liser la client\u00e8le actuelle, de d\u00e9velopper la r\u00e9putation d\u2019une entreprise et de g\u00e9rer le recrutement de talents (aspect RH) et de faciliter l&rsquo;interactivit\u00e9 entre les salari\u00e9s, partenaires et clients.<\/p>\n<p>L&rsquo;Agence web-marketing Victorize, sp\u00e9cialis\u00e9e en Marketing digital, vous accompagne \u00e0 travers ses diff\u00e9rentes gammes de solutions digitales \u00e0 travers:<\/p>\n<ul>\n<li>Audit et accompagnement \u00e0 l&rsquo;am\u00e9lioration au processus de communication interne et externe.<\/li>\n<li>Conseil en web marketing, Veille concurrentielle, veille technologique et Benchmark.<\/li>\n<li>Cr\u00e9ation d&rsquo;identit\u00e9 visuelle, webdesign, Cr\u00e9ation de site web, Cr\u00e9ation de site d&rsquo;e-commerce.<\/li>\n<li>Conception d&rsquo;application mobile et logiciels.<\/li>\n<li>R\u00e9f\u00e9rencement SEM (SEO, SEA, SMO).<\/li>\n<li>Social marketing, E-mail marketing.<\/li>\n<\/ul>\n<p>L&rsquo;agence web Victorize accompagne \u00e0 l&rsquo;optimisation des processus de communication digitale intranet et internet.<\/p>\n<p>L&rsquo;agence web Victorize a pour valeur:\u00a0 la transparence, la fiabilit\u00e9, la qualit\u00e9 et la satisfaction des clients et collaborateurs.<\/p>\n<p>Avec un service client de proximit\u00e9, nous \u0153uvrons pour la satisfaction de nos diff\u00e9rents clients et partenaires \u00e0 travers nos diff\u00e9rentes missions pour l&rsquo;atteinte d&rsquo;objectifs de performance.<\/p>\n<p>L&rsquo;agence web Victorize prend grand soin d\u2019identifier leurs besoins afin de comprendre leurs objectifs strat\u00e9giques et commerciaux.<\/p>\n<p>Nous \u00a0livrons des solutions sur mesure en fonctions de la vision, valeurs et potentiel commercial de nos clients partenaires.<\/p>\n<p>Nous le faisons en prenant grand soin de nos collaborateurs ( Ses sp\u00e9cialistes talentueux, passionn\u00e9s\u00a0 et d\u00e9vou\u00e9s avec une exp\u00e9rience reconnue en d\u00e9veloppement web, design, graphisme et au marketing digital).<\/p>\n<p>L&rsquo;Agence web victorize accompagne ses partenaires \u00e0 l&rsquo;atteinte de leurs objectifs de communication digitale par des solutions les plus adapt\u00e9es \u00e0 leur secteur d&rsquo;activit\u00e9 et march\u00e9.<\/p>\n<p>L&rsquo;Agence web Victorize accompagne ses partenaires en facilitant leurs processus d&rsquo;acquisition et de fid\u00e9lisations clients, ainsi que leurs op\u00e9rations de vente en ligne en renfor\u00e7ant leur pr\u00e9sence sur le Web.<\/p>\n<p>Avec un service de proximit\u00e9, L&rsquo;Agence web Victorize apporte son expertise dans l&rsquo;accompagnement \u00e0 la r\u00e9ussite des projets num\u00e9riques, notamment la conception de sites Web, l&rsquo;optimisation de\u00a0 visibilit\u00e9 dans des moteurs de recherche, l&rsquo;acquisition et la fid\u00e9lisation des clients via l&rsquo;E-Marketing et les m\u00e9dia-sociaux.<\/p>\n<p>L&rsquo;agence web Victorize vous accompagne dans la cr\u00e9ation de site web, la cr\u00e9ation des sites d&rsquo;e-commerce, la conception des logiciels et d&rsquo;applications mobiles adapt\u00e9es \u00e0 leur environnement \u00e9conomique, culturel et social.<\/p>\n<p>L&rsquo;agence web Victorize adapte des solutions agiles de communication et de marketing digital avec une approche hautement strat\u00e9gique pour accro\u00eetre le retour sur investissement.<\/p>\n<p>Nous \u00a0livrons des solutions sur mesure \u00e0 chacun de nos partenaires.<\/p>\n<p>L&rsquo;agence web Victorize est une entreprise sp\u00e9cialis\u00e9e dans la cr\u00e9ation et la gestion de sites internet et d&rsquo;applications web. Voici quelques-unes de ses principaux services :<\/p>\n<p>&nbsp;<\/p>\n<p>1. Cr\u00e9ation de Sites Web professionnel<\/p>\n<p>&#8211; Conception et d\u00e9veloppement web : Cr\u00e9ation de sites web sur mesure, adapt\u00e9s aux besoins des clients.<\/p>\n<p>&#8211; Responsive design : S&rsquo;assurer que le site est accessible et fonctionnel sur tous les appareils (ordinateurs, tablettes, smartphones).<\/p>\n<p>&nbsp;<\/p>\n<p>2. R\u00e9f\u00e9rencement (SEO)<\/p>\n<p>&#8211; Optimisation : Am\u00e9lioration de la visibilit\u00e9 sur les moteurs de recherche pour attirer plus de visiteurs.<\/p>\n<p>&#8211; Strat\u00e9gies de contenu : \u00c9laboration d&rsquo;un contenu pertinent et optimis\u00e9.<\/p>\n<p>&nbsp;<\/p>\n<p>3. Marketing Digital<\/p>\n<p>&#8211; Publicit\u00e9 en ligne: Gestion des campagnes publicitaires sur des plateformes comme Google Ads et les r\u00e9seaux sociaux.<\/p>\n<p>&#8211; Strat\u00e9gies de r\u00e9seaux sociaux: Cr\u00e9ation de contenu et gestion des communaut\u00e9s sur les r\u00e9seaux sociaux.<\/p>\n<p>&nbsp;<\/p>\n<p>4. Maintenance et Support<\/p>\n<p>&#8211; Mises \u00e0 jour: Assurer la mise \u00e0 jour r\u00e9guli\u00e8re du site pour garantir s\u00e9curit\u00e9 et performance.<\/p>\n<p>&#8211; Support technique: Assistance pour r\u00e9soudre les probl\u00e8mes techniques.<\/p>\n<p>&nbsp;<\/p>\n<p>5. Analyse et Reporting<\/p>\n<p>&#8211; Suivi des performances : Analyse des donn\u00e9es pour \u00e9valuer l&rsquo;efficacit\u00e9 des campagnes et du site.<\/p>\n<p>&#8211; Rapports personnalis\u00e9s: Fournir des rapports d\u00e9taill\u00e9s pour aider les clients \u00e0 prendre des d\u00e9cisions inform\u00e9es.<\/p>\n<p>&nbsp;<\/p>\n<p>6. \u00c9ducation et Formation<\/p>\n<p>&#8211; Ateliers et formations : Nous offrons des sessions de formation pour aider les clients \u00e0 g\u00e9rer leur pr\u00e9sence en ligne.<\/p>\n<p>Nos services permettent aux entreprises d&rsquo;am\u00e9liorer leur visibilit\u00e9, d&rsquo;attirer de nouveaux clients et de fid\u00e9liser leur client\u00e8le, tout en optimisant leurs ressources.<\/p>\n<h3>Pour une \u00e9tude de votre projet cliquer sur le lien ci dessous.<\/h3>\n<p><a href=\"http:\/\/victoriz.fr\/2022\/07\/19\/contact\/\">Contactez nous pour une \u00e9tude<\/a><\/p>\n","protected":false},"excerpt":{"rendered":"<p>VICTORIZE AGENCE WEB-MARKETING A TOULOUSE Victorize vous apporte son expertise en marketing digital afin de promouvoir vos produits, services en am\u00e9liorant votre image de marque. Dans notre approche de marketing digital ressortent 4 notions essentielles, acquisition, interactivit\u00e9, fluidit\u00e9 et fid\u00e9lisation. Notre approche met le client au c\u0153ur de la strat\u00e9gie. Avec une technologique \u00e9volutive et [&hellip;]<\/p>\n","protected":false},"author":1,"featured_media":0,"parent":0,"menu_order":0,"comment_status":"closed","ping_status":"closed","template":"","meta":{"footnotes":""},"class_list":["post-6115","page","type-page","status-publish","hentry"],"_links":{"self":[{"href":"https:\/\/victorize.fr\/Agence-creation-sites-web-toulouse\/wp-json\/wp\/v2\/pages\/6115","targetHints":{"allow":["GET"]}}],"collection":[{"href":"https:\/\/victorize.fr\/Agence-creation-sites-web-toulouse\/wp-json\/wp\/v2\/pages"}],"about":[{"href":"https:\/\/victorize.fr\/Agence-creation-sites-web-toulouse\/wp-json\/wp\/v2\/types\/page"}],"author":[{"embeddable":true,"href":"https:\/\/victorize.fr\/Agence-creation-sites-web-toulouse\/wp-json\/wp\/v2\/users\/1"}],"replies":[{"embeddable":true,"href":"https:\/\/victorize.fr\/Agence-creation-sites-web-toulouse\/wp-json\/wp\/v2\/comments?post=6115"}],"version-history":[{"count":0,"href":"https:\/\/victorize.fr\/Agence-creation-sites-web-toulouse\/wp-json\/wp\/v2\/pages\/6115\/revisions"}],"wp:attachment":[{"href":"https:\/\/victorize.fr\/Agence-creation-sites-web-toulouse\/wp-json\/wp\/v2\/media?parent=6115"}],"curies":[{"name":"wp","href":"https:\/\/api.w.org\/{rel}","templated":true}]}}